 = 18*r. What is the remainder when q is divided by r?
3
Let a = -3 + 6. Suppose 4*u + 1 + 3 = a*y, 20 = 4*u + 3*y. Calculate the remainder when 4 is divided by u.
0
Suppose -4*n - 5 + 1 = 0, 176 = 4*w - 4*n. Let f be 38/6 - (-8)/(-24). Calculate the remainder when w is divided by f*3/(-12)*-10.
13
Let r(m) = 3*m - 4. Let i be r(5). Let s = 0 + i. Let v = -40 + 60. What is the remainder when v is divided by s?
9
Suppose -b + 5*i + 2 = 0, -3*b - 11 = -2*i + 4*i. Let t(s) = -5*s - 5*s + 10*s - 2 + 4*s**2. What is the remainder when t(b) is divided by 18?
16
Let f be -24*(4 - 3)*-2. Let r = f - 33. Calculate the remainder when 44 is divided by r.
14
Let k(l) = 44*l**2 + l. Let h be k(1). Suppose -6*s + 3*s = -h. Let g = s + 2. Calculate the remainder when g is divided by 9.
8
Suppose 4*d + 4*i - 10 = 2, -4*d + 21 = i. What is the remainder when 10 is divided by d?
4
Let p(l) = -66*l + 1. Let o be p(-1). Let h = o - 37. Calculate the remainder when h is divided by 8.
6
Suppose 5*l + 2*o = 9 + 57, -12 = -4*o. Calculate the remainder when 22 is divided by l.
10
What is the remainder when 1*38*21/14 is divided by 20?
17
Suppose -4*j = 3*b - 74, -2*b - 32 = -2*j - 2. Calculate the remainder when 48 is divided by j.
14
Let g be 5 + (6 + -3)*-1. Let m = 22 - g. Calculate the remainder when 77 is divided by m.
17
Let k(u) = u**3 - u**2 - 4*u. What is the remainder when 20 is divided by k(3)?
2
Suppose -4*s = -18 - 2. Calculate the remainder when 8 is divided by s.
3
Suppose -10 = 2*j, -3*j - j - 29 = -3*y. Suppose s - 1 = 0, 5*s - 49 = -y*d - d. What is the remainder when 30 is divided by d?
8
What is the remainder when 371/28 + 1/(-4) is divided by ((-7)/4)/(2/(-8))?
6
Let c(r) = r**3 - 6*r**2 + 6*r + 13. What is the remainder when c(6) is divided by 19?
11
Suppose 5*g - 2*r - 84 = -0*r, 6 = -3*r. What is the remainder when 124 is divided by g?
12
Let c(r) = -r**3 - 7*r**2 + 11. Calculate the remainder when 54 is divided by c(-7).
10
Let g = 15 - 1. Calculate the remainder when 67 is divided by g.
11
Suppose -m = 2*v - 6 - 7, v = -m + 8. Let l = -2 + 7. What is the remainder when l is divided by m?
2
Suppose 48 = 4*o + v, -2*v = 13 - 5. Let a = 82 + -45. What is the remainder when a is divided by o?
11
Let a(h) = -h**2 - 6*h + 38. Calculate the remainder when 30 is divided by a(-9).
8
Let c be ((-30)/9)/((-3)/108). Suppose -5*l + 20 = -c. Suppose 3*m - l = -7. What is the remainder when 20 is divided by m?
6
Let i(c) = c**2 + 4*c - 7. What is the remainder when 122 is divided by i(-8)?
22
Let k(u) = -u**2 + 12*u + 11. Calculate the remainder when 85 is divided by k(11).
19
Suppose -54 = -3*r + 5*n, -r = r + n - 23. Calculate the remainder when 21 is divided by r.
8
Let j(v) = -v**3 - 5*v**2 + 4*v - 4. Let g be j(-6). Suppose -r + 2 = -g. What is the remainder when 19 is divided by r?
9
Let q = -31 - -50. Calculate the remainder when q is divided by 10.
9
Suppose x = -0 + 2, 5*m - 2 = -x. Suppose m = v + 4 - 15. Suppose 0 = -2*z + v + 39. Calculate the remainder when z is divided by 14.
11
Let f(g) = -35*g**3 - g**2 + 1. Let i be (2/(-4))/((-1)/28). What is the remainder when f(-1) is divided by (1 - 15)*(-12)/i?
11
Suppose 0 = -2*c - 10, 4*c + c - 50 = -5*u. Suppose -2*m = -z + m + u, 4*z + 2*m - 74 = 0. What is the remainder when z is divided by 7?
4
Let b be 2/5 - (-24)/(-10). Let j = -1 - b. What is the remainder when 12 is divided by (-16*j)/(-2) + -1?
5
Calculate the remainder when 11/2 + 4/8 is divided by 2.
0
Let v(u) = u**3 + 5*u**2 + 6*u + 5. Let z be v(-4). Let p = z + 7. What is the remainder when 26 is divided by 96/7 - p/(-14)?
12
Suppose -b - 2 = 0, 0 = 5*o - b - 186 - 121. Calculate the remainder when o is divided by 21.
19
Suppose -m - 43 = 5*w, 1 = w + 3*m + 4. What is the remainder when 24 is divided by ((-6)/w)/((-2)/(-21))?
3
Suppose 0 = -a + 34 - 9. Let c = -13 + a. What is the remainder when 33 is divided by c?
9
Let n = 41 + -26. What is the remainder when 42 is divided by n?
12
Let j(z) be the second derivative of 11*z**3/2 + z. Let c be j(2). Suppose l = -l + c. Calculate the remainder when l is divided by 17.
16
Let h be ((-48)/(-10))/(3/20). Let k = -19 + 89. What is the remainder when k is divided by (-524)/(-22) - h/(-176)?
22
Suppose -5*z + 125 = 5*i, -5*z + 3*i = -2*z - 99. What is the remainder when 52 is divided by z?
23
Suppose 3*w + 66 = 5*w. What is the remainder when w is divided by 17?
16
Let v be -2 + 8 + -3 + 1. Let q(t) = t + 2*t - 6 - t. What is the remainder when 5 is divided by q(v)?
1
Suppose -2*h + 383 = 53. Suppose 4*p = -p + h. Calculate the remainder when p is divided by 17.
16
Let y be 282/4*(-4)/(-6). Suppose 3*n + y = 167. Let p = 1 - -13. What is the remainder when n is divided by p?
12
Calculate the remainder when (1 - -1 - 3)/(5/(-85)) is divided by 2.
1
Suppose -13 = -t + 58. Calculate the remainder when t is divided by 37.
34
Let p(j) = -j**2 - 6*j + 7. Let q(l) = 1. Let u(r) = -p(r) - 3*q(r). What is the remainder when u(-9) is divided by 27*-3*(-3)/27?
8
Suppose -3*y = y - 60. Calculate the remainder when 59 is divided by y.
14
Suppose h - v = 4*v - 5, -22 = -4*h - v. What is the remainder when 23 is divided by h?
3
Suppose -3*c - 2*g = -187, 250 = 4*c - 0*c + 3*g. What is the remainder when c is divided by 16?
13
Suppose 3*j = 2*n - 192, 2*n - 3*j = -5*j + 192. Calculate the remainder when n is divided by 33.
30
Let o(q) = 28*q**3 + 2*q - 1. Let t be (6/3 - 3)*-1. Calculate the remainder when o(t) is divided by 15.
14
Suppose -4*s + 31 = q, -5*s + 0*q + 4*q = -23. Let t(a) = a**2 - 3*a - 7. Let d be t(4). Let o(r) = -9*r - 7. Calculate the remainder when o(d) is divided by s.
6
Let m = 27 - 16. Calculate the remainder when 63 is divided by m.
8
Let j(u) = -u**3 - 6*u**2 - 5*u + 3. Let t be j(-5). Let w = t - 1. Suppose -23 = -w*f + 11. What is the remainder when 32 is divided by f?
15
Let l = 5 + -3. Suppose -7 = 2*t - 23. Suppose t = -3*k + 5*k. What is the remainder when k is divided by l?
0
Suppose 2*a - 42 = -4*l, -5*a = 4*l - 22 - 29. Let j = 18 - l. Suppose 5*c = 4*b - j, -b + 5*c = b + 3. What is the remainder when 16 is divided by b?
4
Let k = -6 + 3. Let s(y) be the third derivative of -11*y**4/24 + 2*y**3/3 + 20*y**2. What is the remainder when s(k) is divided by 13?
11
Let m(b) = -b**3 + 14*b**2 - 12*b - 7. What is the remainder when 22 is divided by m(13)?
4
Suppose -21*f - 24 = -25*f. Calculate the remainder when ((-44)/6)/(2/(-3)) is divided by f.
5
Let r = -415 + 195. Calculate the remainder when 29 is divided by 4/14 + r/(-14).
13
Suppose 0 = -2*n - 3*o + 84, o + 42 = 3*n - 2*n. Calculate the remainder when 123 is divided by n.
39
Suppose -11*i + 792 = -5*i. Suppose 142 = 4*q + 3*x - 2*x, 4*q = 4*x + i. Calculate the remainder when q is divided by 6.
5
Suppose 0*z - 18 = -3*z. Suppose 0 = b - 7 - z. What is the remainder when b is divided by 8?
5
Let y = -60 - -36. Let n = y - -52. What is the remainder when n is divided by 15?
13
Let b(u) = -3*u - 22. Let x be b(-16). What is the remainder when 0 + 0 - x*-2 is divided by 18?
16
Let v(s) = 4*s**2 + 25*s + 15. Calculate the remainder when 34 is divided by v(-6).
7
Let h(b) = -9*b - 13. What is the remainder when h(-7) is divided by 17?
16
Let h(b) = 2*b - 4. Suppose 90 = i + 4*i - 5*s, 0 = -2*i - 4*s + 66. Calculate the remainder when i is divided by h(6).
7
Let p = 60 - 36. Suppose p - 4 = 5*x. What is the remainder when 7 is divided by x?
3
Suppose 0 = 21*l - 26*l + 30. Suppose -3*g - 2*f = g - 46, -3*f = -15. What is the remainder when g is divided by l?
3
Let c(n) = -n**3 + 3*n**2 + 4*n + 5. Calculate the remainder when 17 is divided by c(4).
2
Let v = -6 + 9. Suppose v*z = z + 8. What is the remainder when 7 is divided by z?
3
Let q(k) = -5*k**2 - 18*k. Let l(y) = -9*y**2 - 35*y. Let h(c) = -6*l(c) + 11*q(c). Calculate the remainder when h(7) is divided by 12.
11
Let s(r) = -2*r + 0 + 8 - 3*r. Let w be s(6). What is the remainder when (w/(-4))/((-1)/(-2)) is divided by 6?
5
Let k(r) = 2*r + 2. Let p = -6 + 8. Suppose -2*i = -h - 9, -p*h + 4*h = 5*i - 22. Calculate the remainder when k(2) is divided by i.
2
Suppose -5*c + 9 = 14. Let v = 10 + c. Calculate the remainder when 25 is divided by v.
7
What is the remainder whe